{"id":7204,"date":"2025-03-10T09:53:56","date_gmt":"2025-03-10T08:53:56","guid":{"rendered":"https:\/\/www.lan-bambus.si\/?post_type=product&#038;p=7204"},"modified":"2025-11-05T19:23:06","modified_gmt":"2025-11-05T18:23:06","slug":"klasicne-zenske-spodnje-hlace-iz-bambusa-s-sirso-stranjo-na-bokih-v-crni-barvi-kopija","status":"publish","type":"product","link":"https:\/\/www.lan-bambus.si\/index.php\/product\/klasicne-zenske-spodnje-hlace-iz-bambusa-s-sirso-stranjo-na-bokih-v-crni-barvi-kopija\/","title":{"rendered":"KLASI\u010cNE \u017dENSKE SPODNJE HLA\u010cE IZ BAMBUSA S \u0160IR\u0160O STRANJO NA BOKIH v ko\u017eni barvi"},"content":{"rendered":"<p>Sestav: 70% viskoza (bambus) 22% poliamid 8% elastan<br \/>\nVzdr\u017eevanje: Ta izdelek je priporo\u010dljivo prati pri 40\u00b0C. Likanje izdelka ni priporo\u010dljivo. Izdelka ne smete beliti, kemi\u010dno \u010distiti ali su\u0161iti v su\u0161ilnem stroju.<\/p>\n<p>Spodnje hla\u010de klasi\u010dnega kroja s \u0161ir\u0161imi stranicami, \u017eensko brez\u0161ivno spodnje perilo. Pas je oja\u010dan in brez\u0161ivno \u0161ivan. V hla\u010de je v\u0161ita ozka elastika. Hla\u010dke so enobarvne.<br \/>\nMaterial je izdelan iz bambusovih vlaken, ki je dopolnjen z elastanom. Pletenina je zelo mehka in udobna za no\u0161enje. Vsakdanjemu perilu prina\u0161a razko\u0161en svilnat videz.<br \/>\nZa kolekcijo Bamboo Pure Line je zna\u010dilno, da ima uporabljeni material vi\u0161jo gramaturo in ga zaradi svoje sestave odlikuje odli\u010dna dimenzijska stabilnost in vzdr\u017eljivost.<\/p>\n<p>BAMBUS<br \/>\nBambusova vlakna so narejena iz regenerirane celuloze. Osnova za proizvodnjo tega vlakna je surov bambus, ki ga nato kemi\u010dno obdelajo podobno kot viskozo. Bambusova vlakna veljajo za material 21. stoletja. Zaradi svoje hitre rasti (nekatere vrste naj bi zrasle do 1 m v 24 urah) je bambus hitro obnovljiv naravni vir. Sama rastlina vsebuje edinstveno sestavino (Bamboo Khun), ki omogo\u010da njeno organsko pridelavo brez uporabe pesticidov in gnojil ter zagotavlja njeno odpornost na bakterije.<\/p>\n<p>Materiali z bambusovimi vlakni imajo \u0161tevilne zanimive in uporabniku prijetne lastnosti. Ob prvem stiku boste prijetno presene\u010deni nad zelo mehkim in prijetnim otipom, ki ga lahko primerjate s svilo ali ka\u0161mirjem. Tisti, ki imate radi spodnje perilo, ki vsebuje bambusova vlakna, boste \u0161e posebej cenili njegove antibakterijske in antistati\u010dne lastnosti. Sestavina Bamboo Khun, ki omogo\u010da ekolo\u0161ko pridelavo bambusa, ostane ohranjena v bambusovih vlaknih in prepre\u010duje rast bakterij ter zmanj\u0161uje nastajanje neprijetnih vonjav. Poro\u010dajo, da lahko ta sestavina odstrani do 70% neza\u017eelenih bakterij. To spodnjemu perilu daje izjemno udobje, hkrati pa je ta material primeren tudi za ljudi z ob\u010dutljivej\u0161o ko\u017eo. \u010ce ste bolj aktivni \u0161portnik, boste cenili prijetne termoregulacijske in vpojne lastnosti materiala iz bambusovih vlaken. Povr\u0161inska struktura samega vlakna je razdeljena s \u0161tevilnimi mikrosporami, kar omogo\u010da do 3-krat bolj\u0161e odvajanje vlage s ko\u017ee kot bomba\u017e. Cenili pa boste tudi to, da ta material ne izsu\u0161i ko\u017ee, ampak ohranja naravno mikroklimo pod obla\u010dili. V toplih letnih \u010dasih so tkanine 2-3 stopinje hladnej\u0161e od bomba\u017ea in vas prijetno hladijo. Nasprotno, grel vas bo v hladnej\u0161ih letnih \u010dasih.  Material zelo dobro prena\u0161a obremenitve in ohranja svoje pozitivne lastnosti tudi po ve\u010dkratnem pranju, kar prispeva k njegovi dolgotrajni obstojnosti.<\/p>\n","protected":false},"excerpt":{"rendered":"<p>Sestav: 70% viskoza (bambus) 22% poliamid 8% elastan Vzdr\u017eevanje: Ta izdelek je priporo\u010dljivo prati pri 40\u00b0C. Likanje izdelka ni priporo\u010dljivo. Izdelka ne smete beliti, kemi\u010dno \u010distiti ali su\u0161iti v su\u0161ilnem stroju. Spodnje hla\u010de klasi\u010dnega kroja s \u0161ir\u0161imi stranicami, \u017eensko brez\u0161ivno spodnje perilo. Pas je oja\u010dan in brez\u0161ivno \u0161ivan. V hla\u010de je v\u0161ita ozka elastika. Hla\u010dke [&hellip;]<\/p>\n","protected":false},"featured_media":7174,"template":"","meta":{"_acf_changed":false,"_themeisle_gutenberg_block_has_review":false},"product_brand":[],"product_cat":[839,729,765,772,814,828],"product_tag":[],"class_list":{"0":"post-7204","1":"product","2":"type-product","3":"status-publish","4":"has-post-thumbnail","6":"product_cat-zenske-spodnje-hlace-iz-bambusovih-vlaken","7":"product_cat-spodnje-perilo","8":"product_cat-zensko-spodnje-perilo","9":"product_cat-zenske-spodnje-hlace","10":"product_cat-zenske-spodnje-hlace-iz-bambusa","11":"product_cat-bambus","12":"pa_color-bela","13":"pa_color-crna","14":"pa_color-kozna","16":"first","17":"instock","18":"shipping-taxable","19":"purchasable","20":"product-type-variable"},"acf":[],"yoast_head":"<!-- This site is optimized with the Yoast SEO plugin v25.8 - https:\/\/yoast.com\/wordpress\/plugins\/seo\/ -->\n<title>KLASI\u010cNE \u017dENSKE SPODNJE HLA\u010cE IZ BAMBUSA S \u0160IR\u0160O STRANJO NA BOKIH v ko\u017eni barvi - Lan-Bambus<\/title>\n<meta name=\"robots\" content=\"index, follow, max-snippet:-1, max-image-preview:large, max-video-preview:-1\" \/>\n<link rel=\"canonical\" href=\"https:\/\/www.lan-bambus.si\/index.php\/product\/klasicne-zenske-spodnje-hlace-iz-bambusa-s-sirso-stranjo-na-bokih-v-crni-barvi-kopija\/\" \/>\n<meta property=\"og:locale\" content=\"sl_SI\" \/>\n<meta property=\"og:type\" content=\"article\" \/>\n<meta property=\"og:title\" content=\"KLASI\u010cNE \u017dENSKE SPODNJE HLA\u010cE IZ BAMBUSA S \u0160IR\u0160O STRANJO NA BOKIH v ko\u017eni barvi - Lan-Bambus\" \/>\n<meta property=\"og:description\" content=\"Sestav: 70% viskoza (bambus) 22% poliamid 8% elastan Vzdr\u017eevanje: Ta izdelek je priporo\u010dljivo prati pri 40\u00b0C. Likanje izdelka ni priporo\u010dljivo. Izdelka ne smete beliti, kemi\u010dno \u010distiti ali su\u0161iti v su\u0161ilnem stroju. Spodnje hla\u010de klasi\u010dnega kroja s \u0161ir\u0161imi stranicami, \u017eensko brez\u0161ivno spodnje perilo. Pas je oja\u010dan in brez\u0161ivno \u0161ivan. V hla\u010de je v\u0161ita ozka elastika. Hla\u010dke [&hellip;]\" \/>\n<meta property=\"og:url\" content=\"https:\/\/www.lan-bambus.si\/index.php\/product\/klasicne-zenske-spodnje-hlace-iz-bambusa-s-sirso-stranjo-na-bokih-v-crni-barvi-kopija\/\" \/>\n<meta property=\"og:site_name\" content=\"Lan-Bambus\" \/>\n<meta property=\"article:publisher\" content=\"https:\/\/www.facebook.com\/\" \/>\n<meta property=\"article:modified_time\" content=\"2025-11-05T18:23:06+00:00\" \/>\n<meta property=\"og:image\" content=\"https:\/\/www.lan-bambus.si\/wp-content\/uploads\/2025\/03\/00019_LBH.jpg\" \/>\n\t<meta property=\"og:image:width\" content=\"624\" \/>\n\t<meta property=\"og:image:height\" content=\"798\" \/>\n\t<meta property=\"og:image:type\" content=\"image\/jpeg\" \/>\n<meta name=\"twitter:card\" content=\"summary_large_image\" \/>\n<meta name=\"twitter:label1\" content=\"Est. reading time\" \/>\n\t<meta name=\"twitter:data1\" content=\"3 minute\" \/>\n<script type=\"application\/ld+json\" class=\"yoast-schema-graph\">{\"@context\":\"https:\/\/schema.org\",\"@graph\":[{\"@type\":\"WebPage\",\"@id\":\"https:\/\/www.lan-bambus.si\/index.php\/product\/klasicne-zenske-spodnje-hlace-iz-bambusa-s-sirso-stranjo-na-bokih-v-crni-barvi-kopija\/\",\"url\":\"https:\/\/www.lan-bambus.si\/index.php\/product\/klasicne-zenske-spodnje-hlace-iz-bambusa-s-sirso-stranjo-na-bokih-v-crni-barvi-kopija\/\",\"name\":\"KLASI\u010cNE \u017dENSKE SPODNJE HLA\u010cE IZ BAMBUSA S \u0160IR\u0160O STRANJO NA BOKIH v ko\u017eni barvi - Lan-Bambus\",\"isPartOf\":{\"@id\":\"https:\/\/www.lan-bambus.si\/#website\"},\"primaryImageOfPage\":{\"@id\":\"https:\/\/www.lan-bambus.si\/index.php\/product\/klasicne-zenske-spodnje-hlace-iz-bambusa-s-sirso-stranjo-na-bokih-v-crni-barvi-kopija\/#primaryimage\"},\"image\":{\"@id\":\"https:\/\/www.lan-bambus.si\/index.php\/product\/klasicne-zenske-spodnje-hlace-iz-bambusa-s-sirso-stranjo-na-bokih-v-crni-barvi-kopija\/#primaryimage\"},\"thumbnailUrl\":\"https:\/\/www.lan-bambus.si\/wp-content\/uploads\/2025\/03\/00019_LBH.jpg\",\"datePublished\":\"2025-03-10T08:53:56+00:00\",\"dateModified\":\"2025-11-05T18:23:06+00:00\",\"breadcrumb\":{\"@id\":\"https:\/\/www.lan-bambus.si\/index.php\/product\/klasicne-zenske-spodnje-hlace-iz-bambusa-s-sirso-stranjo-na-bokih-v-crni-barvi-kopija\/#breadcrumb\"},\"inLanguage\":\"sl-SI\",\"potentialAction\":[{\"@type\":\"ReadAction\",\"target\":[\"https:\/\/www.lan-bambus.si\/index.php\/product\/klasicne-zenske-spodnje-hlace-iz-bambusa-s-sirso-stranjo-na-bokih-v-crni-barvi-kopija\/\"]}]},{\"@type\":\"ImageObject\",\"inLanguage\":\"sl-SI\",\"@id\":\"https:\/\/www.lan-bambus.si\/index.php\/product\/klasicne-zenske-spodnje-hlace-iz-bambusa-s-sirso-stranjo-na-bokih-v-crni-barvi-kopija\/#primaryimage\",\"url\":\"https:\/\/www.lan-bambus.si\/wp-content\/uploads\/2025\/03\/00019_LBH.jpg\",\"contentUrl\":\"https:\/\/www.lan-bambus.si\/wp-content\/uploads\/2025\/03\/00019_LBH.jpg\",\"width\":624,\"height\":798},{\"@type\":\"BreadcrumbList\",\"@id\":\"https:\/\/www.lan-bambus.si\/index.php\/product\/klasicne-zenske-spodnje-hlace-iz-bambusa-s-sirso-stranjo-na-bokih-v-crni-barvi-kopija\/#breadcrumb\",\"itemListElement\":[{\"@type\":\"ListItem\",\"position\":1,\"name\":\"Home\",\"item\":\"https:\/\/www.lan-bambus.si\/\"},{\"@type\":\"ListItem\",\"position\":2,\"name\":\"Shop\",\"item\":\"https:\/\/www.lan-bambus.si\/index.php\/shop\/\"},{\"@type\":\"ListItem\",\"position\":3,\"name\":\"KLASI\u010cNE \u017dENSKE SPODNJE HLA\u010cE IZ BAMBUSA S \u0160IR\u0160O STRANJO NA BOKIH v ko\u017eni barvi\"}]},{\"@type\":\"WebSite\",\"@id\":\"https:\/\/www.lan-bambus.si\/#website\",\"url\":\"https:\/\/www.lan-bambus.si\/\",\"name\":\"lan-bambus.si\",\"description\":\"Lan-Bambus\",\"publisher\":{\"@id\":\"https:\/\/www.lan-bambus.si\/#organization\"},\"potentialAction\":[{\"@type\":\"SearchAction\",\"target\":{\"@type\":\"EntryPoint\",\"urlTemplate\":\"https:\/\/www.lan-bambus.si\/?s={search_term_string}\"},\"query-input\":{\"@type\":\"PropertyValueSpecification\",\"valueRequired\":true,\"valueName\":\"search_term_string\"}}],\"inLanguage\":\"sl-SI\"},{\"@type\":\"Organization\",\"@id\":\"https:\/\/www.lan-bambus.si\/#organization\",\"name\":\"Silva Voelkner s.p.\",\"url\":\"https:\/\/www.lan-bambus.si\/\",\"logo\":{\"@type\":\"ImageObject\",\"inLanguage\":\"sl-SI\",\"@id\":\"https:\/\/www.lan-bambus.si\/#\/schema\/logo\/image\/\",\"url\":\"https:\/\/www.lan-bambus.si\/wp-content\/uploads\/2023\/02\/LOGO-LAN-BAMBUS.SI-350.fw_.png\",\"contentUrl\":\"https:\/\/www.lan-bambus.si\/wp-content\/uploads\/2023\/02\/LOGO-LAN-BAMBUS.SI-350.fw_.png\",\"width\":350,\"height\":132,\"caption\":\"Silva Voelkner s.p.\"},\"image\":{\"@id\":\"https:\/\/www.lan-bambus.si\/#\/schema\/logo\/image\/\"},\"sameAs\":[\"https:\/\/www.facebook.com\/\",\"https:\/\/www.instagram.com\/\"]}]}<\/script>\n<!-- \/ Yoast SEO plugin. -->","yoast_head_json":{"title":"KLASI\u010cNE \u017dENSKE SPODNJE HLA\u010cE IZ BAMBUSA S \u0160IR\u0160O STRANJO NA BOKIH v ko\u017eni barvi - Lan-Bambus","robots":{"index":"index","follow":"follow","max-snippet":"max-snippet:-1","max-image-preview":"max-image-preview:large","max-video-preview":"max-video-preview:-1"},"canonical":"https:\/\/www.lan-bambus.si\/index.php\/product\/klasicne-zenske-spodnje-hlace-iz-bambusa-s-sirso-stranjo-na-bokih-v-crni-barvi-kopija\/","og_locale":"sl_SI","og_type":"article","og_title":"KLASI\u010cNE \u017dENSKE SPODNJE HLA\u010cE IZ BAMBUSA S \u0160IR\u0160O STRANJO NA BOKIH v ko\u017eni barvi - Lan-Bambus","og_description":"Sestav: 70% viskoza (bambus) 22% poliamid 8% elastan Vzdr\u017eevanje: Ta izdelek je priporo\u010dljivo prati pri 40\u00b0C. Likanje izdelka ni priporo\u010dljivo. Izdelka ne smete beliti, kemi\u010dno \u010distiti ali su\u0161iti v su\u0161ilnem stroju. Spodnje hla\u010de klasi\u010dnega kroja s \u0161ir\u0161imi stranicami, \u017eensko brez\u0161ivno spodnje perilo. Pas je oja\u010dan in brez\u0161ivno \u0161ivan. V hla\u010de je v\u0161ita ozka elastika. Hla\u010dke [&hellip;]","og_url":"https:\/\/www.lan-bambus.si\/index.php\/product\/klasicne-zenske-spodnje-hlace-iz-bambusa-s-sirso-stranjo-na-bokih-v-crni-barvi-kopija\/","og_site_name":"Lan-Bambus","article_publisher":"https:\/\/www.facebook.com\/","article_modified_time":"2025-11-05T18:23:06+00:00","og_image":[{"width":624,"height":798,"url":"https:\/\/www.lan-bambus.si\/wp-content\/uploads\/2025\/03\/00019_LBH.jpg","type":"image\/jpeg"}],"twitter_card":"summary_large_image","twitter_misc":{"Est. reading time":"3 minute"},"schema":{"@context":"https:\/\/schema.org","@graph":[{"@type":"WebPage","@id":"https:\/\/www.lan-bambus.si\/index.php\/product\/klasicne-zenske-spodnje-hlace-iz-bambusa-s-sirso-stranjo-na-bokih-v-crni-barvi-kopija\/","url":"https:\/\/www.lan-bambus.si\/index.php\/product\/klasicne-zenske-spodnje-hlace-iz-bambusa-s-sirso-stranjo-na-bokih-v-crni-barvi-kopija\/","name":"KLASI\u010cNE \u017dENSKE SPODNJE HLA\u010cE IZ BAMBUSA S \u0160IR\u0160O STRANJO NA BOKIH v ko\u017eni barvi - Lan-Bambus","isPartOf":{"@id":"https:\/\/www.lan-bambus.si\/#website"},"primaryImageOfPage":{"@id":"https:\/\/www.lan-bambus.si\/index.php\/product\/klasicne-zenske-spodnje-hlace-iz-bambusa-s-sirso-stranjo-na-bokih-v-crni-barvi-kopija\/#primaryimage"},"image":{"@id":"https:\/\/www.lan-bambus.si\/index.php\/product\/klasicne-zenske-spodnje-hlace-iz-bambusa-s-sirso-stranjo-na-bokih-v-crni-barvi-kopija\/#primaryimage"},"thumbnailUrl":"https:\/\/www.lan-bambus.si\/wp-content\/uploads\/2025\/03\/00019_LBH.jpg","datePublished":"2025-03-10T08:53:56+00:00","dateModified":"2025-11-05T18:23:06+00:00","breadcrumb":{"@id":"https:\/\/www.lan-bambus.si\/index.php\/product\/klasicne-zenske-spodnje-hlace-iz-bambusa-s-sirso-stranjo-na-bokih-v-crni-barvi-kopija\/#breadcrumb"},"inLanguage":"sl-SI","potentialAction":[{"@type":"ReadAction","target":["https:\/\/www.lan-bambus.si\/index.php\/product\/klasicne-zenske-spodnje-hlace-iz-bambusa-s-sirso-stranjo-na-bokih-v-crni-barvi-kopija\/"]}]},{"@type":"ImageObject","inLanguage":"sl-SI","@id":"https:\/\/www.lan-bambus.si\/index.php\/product\/klasicne-zenske-spodnje-hlace-iz-bambusa-s-sirso-stranjo-na-bokih-v-crni-barvi-kopija\/#primaryimage","url":"https:\/\/www.lan-bambus.si\/wp-content\/uploads\/2025\/03\/00019_LBH.jpg","contentUrl":"https:\/\/www.lan-bambus.si\/wp-content\/uploads\/2025\/03\/00019_LBH.jpg","width":624,"height":798},{"@type":"BreadcrumbList","@id":"https:\/\/www.lan-bambus.si\/index.php\/product\/klasicne-zenske-spodnje-hlace-iz-bambusa-s-sirso-stranjo-na-bokih-v-crni-barvi-kopija\/#breadcrumb","itemListElement":[{"@type":"ListItem","position":1,"name":"Home","item":"https:\/\/www.lan-bambus.si\/"},{"@type":"ListItem","position":2,"name":"Shop","item":"https:\/\/www.lan-bambus.si\/index.php\/shop\/"},{"@type":"ListItem","position":3,"name":"KLASI\u010cNE \u017dENSKE SPODNJE HLA\u010cE IZ BAMBUSA S \u0160IR\u0160O STRANJO NA BOKIH v ko\u017eni barvi"}]},{"@type":"WebSite","@id":"https:\/\/www.lan-bambus.si\/#website","url":"https:\/\/www.lan-bambus.si\/","name":"lan-bambus.si","description":"Lan-Bambus","publisher":{"@id":"https:\/\/www.lan-bambus.si\/#organization"},"potentialAction":[{"@type":"SearchAction","target":{"@type":"EntryPoint","urlTemplate":"https:\/\/www.lan-bambus.si\/?s={search_term_string}"},"query-input":{"@type":"PropertyValueSpecification","valueRequired":true,"valueName":"search_term_string"}}],"inLanguage":"sl-SI"},{"@type":"Organization","@id":"https:\/\/www.lan-bambus.si\/#organization","name":"Silva Voelkner s.p.","url":"https:\/\/www.lan-bambus.si\/","logo":{"@type":"ImageObject","inLanguage":"sl-SI","@id":"https:\/\/www.lan-bambus.si\/#\/schema\/logo\/image\/","url":"https:\/\/www.lan-bambus.si\/wp-content\/uploads\/2023\/02\/LOGO-LAN-BAMBUS.SI-350.fw_.png","contentUrl":"https:\/\/www.lan-bambus.si\/wp-content\/uploads\/2023\/02\/LOGO-LAN-BAMBUS.SI-350.fw_.png","width":350,"height":132,"caption":"Silva Voelkner s.p."},"image":{"@id":"https:\/\/www.lan-bambus.si\/#\/schema\/logo\/image\/"},"sameAs":["https:\/\/www.facebook.com\/","https:\/\/www.instagram.com\/"]}]}},"_links":{"self":[{"href":"https:\/\/www.lan-bambus.si\/index.php\/wp-json\/wp\/v2\/product\/7204","targetHints":{"allow":["GET"]}}],"collection":[{"href":"https:\/\/www.lan-bambus.si\/index.php\/wp-json\/wp\/v2\/product"}],"about":[{"href":"https:\/\/www.lan-bambus.si\/index.php\/wp-json\/wp\/v2\/types\/product"}],"wp:featuredmedia":[{"embeddable":true,"href":"https:\/\/www.lan-bambus.si\/index.php\/wp-json\/wp\/v2\/media\/7174"}],"wp:attachment":[{"href":"https:\/\/www.lan-bambus.si\/index.php\/wp-json\/wp\/v2\/media?parent=7204"}],"wp:term":[{"taxonomy":"product_brand","embeddable":true,"href":"https:\/\/www.lan-bambus.si\/index.php\/wp-json\/wp\/v2\/product_brand?post=7204"},{"taxonomy":"product_cat","embeddable":true,"href":"https:\/\/www.lan-bambus.si\/index.php\/wp-json\/wp\/v2\/product_cat?post=7204"},{"taxonomy":"product_tag","embeddable":true,"href":"https:\/\/www.lan-bambus.si\/index.php\/wp-json\/wp\/v2\/product_tag?post=7204"}],"curies":[{"name":"wp","href":"https:\/\/api.w.org\/{rel}","templated":true}]}}