{"id":7691,"date":"2025-03-28T08:52:14","date_gmt":"2025-03-28T07:52:14","guid":{"rendered":"https:\/\/www.lan-bambus.si\/?post_type=product&#038;p=7691"},"modified":"2025-09-05T08:31:36","modified_gmt":"2025-09-05T06:31:36","slug":"cecil-bluza-2","status":"publish","type":"product","link":"https:\/\/www.lan-bambus.si\/index.php\/product\/cecil-bluza-2\/","title":{"rendered":"CECIL bluza"},"content":{"rendered":"<p>Sestav: 100% bomba\u017e<br \/>\nVzdr\u017eevanje:  Za ta izdelek priporo\u010damo ne\u017eno  pranje pri 30\u00b0C in likanje pri temperaturni stopnji 2. Izdelka ne smete beliti, kemi\u010dno \u010distiti ali su\u0161iti v su\u0161ilnem stroju.<\/p>\n<p>\u017denska \u010drtasta Oxford bluza CECIL kombinira klasi\u010den sraj\u010dni ovratnik z detajli, kot so gumbi na rokavih. Narejena je iz \u010distega bomba\u017ea in nudi mehko udobje.<\/p>\n","protected":false},"excerpt":{"rendered":"<p>Sestav: 100% bomba\u017e Vzdr\u017eevanje: Za ta izdelek priporo\u010damo ne\u017eno pranje pri 30\u00b0C in likanje pri temperaturni stopnji 2. Izdelka ne smete beliti, kemi\u010dno \u010distiti ali su\u0161iti v su\u0161ilnem stroju. \u017denska \u010drtasta Oxford bluza CECIL kombinira klasi\u010den sraj\u010dni ovratnik z detajli, kot so gumbi na rokavih. Narejena je iz \u010distega bomba\u017ea in nudi mehko udobje.<\/p>\n","protected":false},"featured_media":7663,"template":"","meta":{"_acf_changed":false,"_themeisle_gutenberg_block_has_review":false},"product_brand":[],"product_cat":[747,815,829],"product_tag":[],"class_list":{"0":"post-7691","1":"product","2":"type-product","3":"status-publish","4":"has-post-thumbnail","6":"product_cat-oblacila","7":"product_cat-cecil-bluza","8":"product_cat-akcija","9":"pa_color-rdeca","10":"pa_color-svetlo-modra","12":"first","13":"instock","14":"sale","15":"shipping-taxable","16":"purchasable","17":"product-type-variable"},"acf":[],"yoast_head":"<!-- This site is optimized with the Yoast SEO plugin v25.8 - https:\/\/yoast.com\/wordpress\/plugins\/seo\/ -->\n<title>CECIL bluza - Lan-Bambus<\/title>\n<meta name=\"robots\" content=\"index, follow, max-snippet:-1, max-image-preview:large, max-video-preview:-1\" \/>\n<link rel=\"canonical\" href=\"https:\/\/www.lan-bambus.si\/index.php\/product\/cecil-bluza-2\/\" \/>\n<meta property=\"og:locale\" content=\"sl_SI\" \/>\n<meta property=\"og:type\" content=\"article\" \/>\n<meta property=\"og:title\" content=\"CECIL bluza - Lan-Bambus\" \/>\n<meta property=\"og:description\" content=\"Sestav: 100% bomba\u017e Vzdr\u017eevanje: Za ta izdelek priporo\u010damo ne\u017eno pranje pri 30\u00b0C in likanje pri temperaturni stopnji 2. Izdelka ne smete beliti, kemi\u010dno \u010distiti ali su\u0161iti v su\u0161ilnem stroju. \u017denska \u010drtasta Oxford bluza CECIL kombinira klasi\u010den sraj\u010dni ovratnik z detajli, kot so gumbi na rokavih. Narejena je iz \u010distega bomba\u017ea in nudi mehko udobje.\" \/>\n<meta property=\"og:url\" content=\"https:\/\/www.lan-bambus.si\/index.php\/product\/cecil-bluza-2\/\" \/>\n<meta property=\"og:site_name\" content=\"Lan-Bambus\" \/>\n<meta property=\"article:publisher\" content=\"https:\/\/www.facebook.com\/\" \/>\n<meta property=\"article:modified_time\" content=\"2025-09-05T06:31:36+00:00\" \/>\n<meta property=\"og:image\" content=\"https:\/\/www.lan-bambus.si\/wp-content\/uploads\/2025\/03\/B34531926242XS_4063042089583_2_m-1.webp\" \/>\n\t<meta property=\"og:image:width\" content=\"1094\" \/>\n\t<meta property=\"og:image:height\" content=\"1576\" \/>\n\t<meta property=\"og:image:type\" content=\"image\/webp\" \/>\n<meta name=\"twitter:card\" content=\"summary_large_image\" \/>\n<meta name=\"twitter:label1\" content=\"Est. reading time\" \/>\n\t<meta name=\"twitter:data1\" content=\"1 minuta\" \/>\n<script type=\"application\/ld+json\" class=\"yoast-schema-graph\">{\"@context\":\"https:\/\/schema.org\",\"@graph\":[{\"@type\":\"WebPage\",\"@id\":\"https:\/\/www.lan-bambus.si\/index.php\/product\/cecil-bluza-2\/\",\"url\":\"https:\/\/www.lan-bambus.si\/index.php\/product\/cecil-bluza-2\/\",\"name\":\"CECIL bluza - Lan-Bambus\",\"isPartOf\":{\"@id\":\"https:\/\/www.lan-bambus.si\/#website\"},\"primaryImageOfPage\":{\"@id\":\"https:\/\/www.lan-bambus.si\/index.php\/product\/cecil-bluza-2\/#primaryimage\"},\"image\":{\"@id\":\"https:\/\/www.lan-bambus.si\/index.php\/product\/cecil-bluza-2\/#primaryimage\"},\"thumbnailUrl\":\"https:\/\/www.lan-bambus.si\/wp-content\/uploads\/2025\/03\/B34531926242XS_4063042089583_2_m-1.webp\",\"datePublished\":\"2025-03-28T07:52:14+00:00\",\"dateModified\":\"2025-09-05T06:31:36+00:00\",\"breadcrumb\":{\"@id\":\"https:\/\/www.lan-bambus.si\/index.php\/product\/cecil-bluza-2\/#breadcrumb\"},\"inLanguage\":\"sl-SI\",\"potentialAction\":[{\"@type\":\"ReadAction\",\"target\":[\"https:\/\/www.lan-bambus.si\/index.php\/product\/cecil-bluza-2\/\"]}]},{\"@type\":\"ImageObject\",\"inLanguage\":\"sl-SI\",\"@id\":\"https:\/\/www.lan-bambus.si\/index.php\/product\/cecil-bluza-2\/#primaryimage\",\"url\":\"https:\/\/www.lan-bambus.si\/wp-content\/uploads\/2025\/03\/B34531926242XS_4063042089583_2_m-1.webp\",\"contentUrl\":\"https:\/\/www.lan-bambus.si\/wp-content\/uploads\/2025\/03\/B34531926242XS_4063042089583_2_m-1.webp\",\"width\":1094,\"height\":1576},{\"@type\":\"BreadcrumbList\",\"@id\":\"https:\/\/www.lan-bambus.si\/index.php\/product\/cecil-bluza-2\/#breadcrumb\",\"itemListElement\":[{\"@type\":\"ListItem\",\"position\":1,\"name\":\"Home\",\"item\":\"https:\/\/www.lan-bambus.si\/\"},{\"@type\":\"ListItem\",\"position\":2,\"name\":\"Shop\",\"item\":\"https:\/\/www.lan-bambus.si\/index.php\/shop\/\"},{\"@type\":\"ListItem\",\"position\":3,\"name\":\"CECIL bluza\"}]},{\"@type\":\"WebSite\",\"@id\":\"https:\/\/www.lan-bambus.si\/#website\",\"url\":\"https:\/\/www.lan-bambus.si\/\",\"name\":\"lan-bambus.si\",\"description\":\"Lan-Bambus\",\"publisher\":{\"@id\":\"https:\/\/www.lan-bambus.si\/#organization\"},\"potentialAction\":[{\"@type\":\"SearchAction\",\"target\":{\"@type\":\"EntryPoint\",\"urlTemplate\":\"https:\/\/www.lan-bambus.si\/?s={search_term_string}\"},\"query-input\":{\"@type\":\"PropertyValueSpecification\",\"valueRequired\":true,\"valueName\":\"search_term_string\"}}],\"inLanguage\":\"sl-SI\"},{\"@type\":\"Organization\",\"@id\":\"https:\/\/www.lan-bambus.si\/#organization\",\"name\":\"Silva Voelkner s.p.\",\"url\":\"https:\/\/www.lan-bambus.si\/\",\"logo\":{\"@type\":\"ImageObject\",\"inLanguage\":\"sl-SI\",\"@id\":\"https:\/\/www.lan-bambus.si\/#\/schema\/logo\/image\/\",\"url\":\"https:\/\/www.lan-bambus.si\/wp-content\/uploads\/2023\/02\/LOGO-LAN-BAMBUS.SI-350.fw_.png\",\"contentUrl\":\"https:\/\/www.lan-bambus.si\/wp-content\/uploads\/2023\/02\/LOGO-LAN-BAMBUS.SI-350.fw_.png\",\"width\":350,\"height\":132,\"caption\":\"Silva Voelkner s.p.\"},\"image\":{\"@id\":\"https:\/\/www.lan-bambus.si\/#\/schema\/logo\/image\/\"},\"sameAs\":[\"https:\/\/www.facebook.com\/\",\"https:\/\/www.instagram.com\/\"]}]}<\/script>\n<!-- \/ Yoast SEO plugin. -->","yoast_head_json":{"title":"CECIL bluza - Lan-Bambus","robots":{"index":"index","follow":"follow","max-snippet":"max-snippet:-1","max-image-preview":"max-image-preview:large","max-video-preview":"max-video-preview:-1"},"canonical":"https:\/\/www.lan-bambus.si\/index.php\/product\/cecil-bluza-2\/","og_locale":"sl_SI","og_type":"article","og_title":"CECIL bluza - Lan-Bambus","og_description":"Sestav: 100% bomba\u017e Vzdr\u017eevanje: Za ta izdelek priporo\u010damo ne\u017eno pranje pri 30\u00b0C in likanje pri temperaturni stopnji 2. Izdelka ne smete beliti, kemi\u010dno \u010distiti ali su\u0161iti v su\u0161ilnem stroju. \u017denska \u010drtasta Oxford bluza CECIL kombinira klasi\u010den sraj\u010dni ovratnik z detajli, kot so gumbi na rokavih. Narejena je iz \u010distega bomba\u017ea in nudi mehko udobje.","og_url":"https:\/\/www.lan-bambus.si\/index.php\/product\/cecil-bluza-2\/","og_site_name":"Lan-Bambus","article_publisher":"https:\/\/www.facebook.com\/","article_modified_time":"2025-09-05T06:31:36+00:00","og_image":[{"width":1094,"height":1576,"url":"https:\/\/www.lan-bambus.si\/wp-content\/uploads\/2025\/03\/B34531926242XS_4063042089583_2_m-1.webp","type":"image\/webp"}],"twitter_card":"summary_large_image","twitter_misc":{"Est. reading time":"1 minuta"},"schema":{"@context":"https:\/\/schema.org","@graph":[{"@type":"WebPage","@id":"https:\/\/www.lan-bambus.si\/index.php\/product\/cecil-bluza-2\/","url":"https:\/\/www.lan-bambus.si\/index.php\/product\/cecil-bluza-2\/","name":"CECIL bluza - Lan-Bambus","isPartOf":{"@id":"https:\/\/www.lan-bambus.si\/#website"},"primaryImageOfPage":{"@id":"https:\/\/www.lan-bambus.si\/index.php\/product\/cecil-bluza-2\/#primaryimage"},"image":{"@id":"https:\/\/www.lan-bambus.si\/index.php\/product\/cecil-bluza-2\/#primaryimage"},"thumbnailUrl":"https:\/\/www.lan-bambus.si\/wp-content\/uploads\/2025\/03\/B34531926242XS_4063042089583_2_m-1.webp","datePublished":"2025-03-28T07:52:14+00:00","dateModified":"2025-09-05T06:31:36+00:00","breadcrumb":{"@id":"https:\/\/www.lan-bambus.si\/index.php\/product\/cecil-bluza-2\/#breadcrumb"},"inLanguage":"sl-SI","potentialAction":[{"@type":"ReadAction","target":["https:\/\/www.lan-bambus.si\/index.php\/product\/cecil-bluza-2\/"]}]},{"@type":"ImageObject","inLanguage":"sl-SI","@id":"https:\/\/www.lan-bambus.si\/index.php\/product\/cecil-bluza-2\/#primaryimage","url":"https:\/\/www.lan-bambus.si\/wp-content\/uploads\/2025\/03\/B34531926242XS_4063042089583_2_m-1.webp","contentUrl":"https:\/\/www.lan-bambus.si\/wp-content\/uploads\/2025\/03\/B34531926242XS_4063042089583_2_m-1.webp","width":1094,"height":1576},{"@type":"BreadcrumbList","@id":"https:\/\/www.lan-bambus.si\/index.php\/product\/cecil-bluza-2\/#breadcrumb","itemListElement":[{"@type":"ListItem","position":1,"name":"Home","item":"https:\/\/www.lan-bambus.si\/"},{"@type":"ListItem","position":2,"name":"Shop","item":"https:\/\/www.lan-bambus.si\/index.php\/shop\/"},{"@type":"ListItem","position":3,"name":"CECIL bluza"}]},{"@type":"WebSite","@id":"https:\/\/www.lan-bambus.si\/#website","url":"https:\/\/www.lan-bambus.si\/","name":"lan-bambus.si","description":"Lan-Bambus","publisher":{"@id":"https:\/\/www.lan-bambus.si\/#organization"},"potentialAction":[{"@type":"SearchAction","target":{"@type":"EntryPoint","urlTemplate":"https:\/\/www.lan-bambus.si\/?s={search_term_string}"},"query-input":{"@type":"PropertyValueSpecification","valueRequired":true,"valueName":"search_term_string"}}],"inLanguage":"sl-SI"},{"@type":"Organization","@id":"https:\/\/www.lan-bambus.si\/#organization","name":"Silva Voelkner s.p.","url":"https:\/\/www.lan-bambus.si\/","logo":{"@type":"ImageObject","inLanguage":"sl-SI","@id":"https:\/\/www.lan-bambus.si\/#\/schema\/logo\/image\/","url":"https:\/\/www.lan-bambus.si\/wp-content\/uploads\/2023\/02\/LOGO-LAN-BAMBUS.SI-350.fw_.png","contentUrl":"https:\/\/www.lan-bambus.si\/wp-content\/uploads\/2023\/02\/LOGO-LAN-BAMBUS.SI-350.fw_.png","width":350,"height":132,"caption":"Silva Voelkner s.p."},"image":{"@id":"https:\/\/www.lan-bambus.si\/#\/schema\/logo\/image\/"},"sameAs":["https:\/\/www.facebook.com\/","https:\/\/www.instagram.com\/"]}]}},"_links":{"self":[{"href":"https:\/\/www.lan-bambus.si\/index.php\/wp-json\/wp\/v2\/product\/7691","targetHints":{"allow":["GET"]}}],"collection":[{"href":"https:\/\/www.lan-bambus.si\/index.php\/wp-json\/wp\/v2\/product"}],"about":[{"href":"https:\/\/www.lan-bambus.si\/index.php\/wp-json\/wp\/v2\/types\/product"}],"wp:featuredmedia":[{"embeddable":true,"href":"https:\/\/www.lan-bambus.si\/index.php\/wp-json\/wp\/v2\/media\/7663"}],"wp:attachment":[{"href":"https:\/\/www.lan-bambus.si\/index.php\/wp-json\/wp\/v2\/media?parent=7691"}],"wp:term":[{"taxonomy":"product_brand","embeddable":true,"href":"https:\/\/www.lan-bambus.si\/index.php\/wp-json\/wp\/v2\/product_brand?post=7691"},{"taxonomy":"product_cat","embeddable":true,"href":"https:\/\/www.lan-bambus.si\/index.php\/wp-json\/wp\/v2\/product_cat?post=7691"},{"taxonomy":"product_tag","embeddable":true,"href":"https:\/\/www.lan-bambus.si\/index.php\/wp-json\/wp\/v2\/product_tag?post=7691"}],"curies":[{"name":"wp","href":"https:\/\/api.w.org\/{rel}","templated":true}]}}