{"id":8110,"date":"2025-05-02T19:36:04","date_gmt":"2025-05-02T17:36:04","guid":{"rendered":"https:\/\/www.lan-bambus.si\/?post_type=product&#038;p=8110"},"modified":"2025-05-03T17:08:13","modified_gmt":"2025-05-03T15:08:13","slug":"lanena-obleka-zenska-mini-obleka-obleka-s-kratkimi-rokavi","status":"publish","type":"product","link":"https:\/\/www.lan-bambus.si\/index.php\/product\/lanena-obleka-zenska-mini-obleka-obleka-s-kratkimi-rokavi\/","title":{"rendered":"LANENA OBLEKA, \u017dENSKA MINI OBLEKA, OBLEKA S KRATKIMI ROKAVI, VE\u010c BARV"},"content":{"rendered":"<p>Sestav: 100% LAN<\/p>\n<p>Navodila za vzdr\u017eevanje:<br \/>\n\u2013 pranje pri 40 C<br \/>\n\u2013 su\u0161enje v su\u0161ilnem stroju na nizki temperaturi<br \/>\n\u2013 ne belite<br \/>\n\u2013 likate na nizki temperaturi<br \/>\n\u2013 ne \u010distite kemi\u010dno.<\/p>\n<p>Ko izberete barvo in velikost, oddate naro\u010dilo, vam izdelek se\u0161ijemo. \u010cas izdelave je 1-2 tedna.<\/p>\n<p>Bela lanena obleka za \u017eenske, mini obleka, naravna obla\u010dila, obleka s kratkimi rokavi, obleka z \u017eepi.<br \/>\nO\u010darljiva obleka za vsak dan za po mestu  ali za prosti \u010das.<\/p>\n<p>Upo\u0161tevajte, da so lahko barve na va\u0161em zaslonu videti druga\u010de, odvisno od njihovih nastavitev in tehni\u010dnih lastnosti. \u010ce niste prepri\u010dani in je natan\u010den ton res pomemben, prosimo, ne oklevajte in nas kontaktirajte.<\/p>\n<p>PODROBNOSTI:<br \/>\n&#8211; izdelana je iz 100% visokokakovostne evropske lanene tkanine, certifikat OEKO-TEX\u00ae STANDARD 100<br \/>\n\u2013 lanena tkanina je srednje te\u017eka (200g)<br \/>\n&#8211; tkanina je \u017ee oprana se ne kr\u010di ve\u010d<br \/>\n&#8211; mini dol\u017eina<br \/>\n&#8211; kratki rokavi<br \/>\n&#8211; obleka ima dva udobna stranska \u017eepa<br \/>\n&#8211; ve\u010d barv<br \/>\n&#8211; mehko in udobno<br \/>\n&#8211; naravno, okolju prijazno<\/p>\n<p>MODEL<br \/>\nVi\u0161ina: 174 cm<br \/>\nPrsni obseg: 90 cm<br \/>\nBoki: 92 cm<br \/>\nModel na sliki nosi velikost M.<\/p>\n<p>Dol\u017eina obleke (hrbet): 95 cm<\/p>\n<p>TABELA VELIKOSTI za orientacijo:<br \/>\nVELIKOST XS<br \/>\nPrsni obseg: 84-88 cm<br \/>\nPas: 66-70 cm<br \/>\nBoki:  90- 94 cm<\/p>\n<p>VELIKOST S<br \/>\nPrsni obseg:  88 &#8211; 92 cm<br \/>\nPas:  70 &#8211; 74 cm<br \/>\nBoki: 94 &#8211; 98 cm<\/p>\n<p>VELIKOST M<br \/>\nPrsni obseg:  92 &#8211; 96 cm<br \/>\nPas:  74 &#8211; 78 cm<br \/>\nBoki:  98 &#8211; 102 cm<\/p>\n<p>VELIKOST L<br \/>\nPrsni obseg: 96 &#8211; 102 cm<br \/>\nPas:  78 &#8211; 84 cm<br \/>\nBoki:  102 &#8211; 108 cm<\/p>\n<p>VELIKOST XL<br \/>\nPrsni obseg: 102 &#8211; 108 cm<br \/>\nPas:  84 &#8211; 90 cm<br \/>\nBoki:  108 &#8211; 114 cm<\/p>\n<p>VELIKOST XXL<br \/>\nPrsni obseg: 108 &#8211; 116 cm<br \/>\nPas:  90 &#8211; 98 cm<br \/>\nBoki:  114 &#8211; 122 cm<\/p>\n<p>Sporo\u010dite nam, \u010de potrebujete druga\u010dne mere.<\/p>\n<p>LANENA TKANINE<br \/>\nLanene tkanine so ene najstarej\u0161ih na svetu.<br \/>\nLanena tkanina odli\u010dno vpija vse vrste teko\u010din. Zaradi edinstvene strukture je lanena tkanina mo\u010dna in mehka, zato se ne lepi na ko\u017eo in omogo\u010da ve\u010dji pretok zraka. Lanena tkanina zelo dobro uravnava telesno temperaturo, v vro\u010dem vremenu ustvarja ob\u010dutek sve\u017eine, v mrzlem pa toploto. Lanena tkanina je narejena iz vlaken lanenih rastlin. Lan je mo\u010dna in odporna rastlina, zato za gojenje in predelavo niso potrebne nobene kemikalije in obstaja majhna mo\u017enost dra\u017eenja ko\u017ee. Lanena tkanina je naravni antiseptik, ubija bakterije, tako da v njej ne morejo \u017eiveti niti bakterije niti glivice. Lan je \u0161iroko reciklirana rastlina brez odpadkov, uporablja se tudi za prehrano.<br \/>\nLan je mogo\u010de 100 % reciklirati, zato je odli\u010dna izbira za okoljsko ozave\u0161\u010dene ljudi.<\/p>\n","protected":false},"excerpt":{"rendered":"<p>Sestav: 100% LAN Navodila za vzdr\u017eevanje: \u2013 pranje pri 40 C \u2013 su\u0161enje v su\u0161ilnem stroju na nizki temperaturi \u2013 ne belite \u2013 likate na nizki temperaturi \u2013 ne \u010distite kemi\u010dno. Ko izberete barvo in velikost, oddate naro\u010dilo, vam izdelek se\u0161ijemo. \u010cas izdelave je 1-2 tedna. Bela lanena obleka za \u017eenske, mini obleka, naravna obla\u010dila, [&hellip;]<\/p>\n","protected":false},"featured_media":8055,"template":"","meta":{"_acf_changed":false,"_themeisle_gutenberg_block_has_review":false},"product_brand":[],"product_cat":[731,824,747,825],"product_tag":[],"class_list":{"0":"post-8110","1":"product","2":"type-product","3":"status-publish","4":"has-post-thumbnail","6":"product_cat-lan","7":"product_cat-lanene-obleke","8":"product_cat-oblacila","9":"product_cat-zenske-obleke","10":"pa_color-bela","11":"pa_color-crna","12":"pa_color-koral","13":"pa_color-lila-barva-sivke","14":"pa_color-modra-temno-turkiz","15":"pa_color-olivno-zelena","16":"pa_color-opecna","17":"pa_color-rdeca","19":"first","20":"instock","21":"shipping-taxable","22":"purchasable","23":"product-type-variable"},"acf":[],"yoast_head":"<!-- This site is optimized with the Yoast SEO plugin v25.8 - https:\/\/yoast.com\/wordpress\/plugins\/seo\/ -->\n<title>LANENA OBLEKA, \u017dENSKA MINI OBLEKA, OBLEKA S KRATKIMI ROKAVI, VE\u010c BARV - Lan-Bambus<\/title>\n<meta name=\"robots\" content=\"index, follow, max-snippet:-1, max-image-preview:large, max-video-preview:-1\" \/>\n<link rel=\"canonical\" href=\"https:\/\/www.lan-bambus.si\/index.php\/product\/lanena-obleka-zenska-mini-obleka-obleka-s-kratkimi-rokavi\/\" \/>\n<meta property=\"og:locale\" content=\"sl_SI\" \/>\n<meta property=\"og:type\" content=\"article\" \/>\n<meta property=\"og:title\" content=\"LANENA OBLEKA, \u017dENSKA MINI OBLEKA, OBLEKA S KRATKIMI ROKAVI, VE\u010c BARV - Lan-Bambus\" \/>\n<meta property=\"og:description\" content=\"Sestav: 100% LAN Navodila za vzdr\u017eevanje: \u2013 pranje pri 40 C \u2013 su\u0161enje v su\u0161ilnem stroju na nizki temperaturi \u2013 ne belite \u2013 likate na nizki temperaturi \u2013 ne \u010distite kemi\u010dno. Ko izberete barvo in velikost, oddate naro\u010dilo, vam izdelek se\u0161ijemo. \u010cas izdelave je 1-2 tedna. Bela lanena obleka za \u017eenske, mini obleka, naravna obla\u010dila, [&hellip;]\" \/>\n<meta property=\"og:url\" content=\"https:\/\/www.lan-bambus.si\/index.php\/product\/lanena-obleka-zenska-mini-obleka-obleka-s-kratkimi-rokavi\/\" \/>\n<meta property=\"og:site_name\" content=\"Lan-Bambus\" \/>\n<meta property=\"article:publisher\" content=\"https:\/\/www.facebook.com\/\" \/>\n<meta property=\"article:modified_time\" content=\"2025-05-03T15:08:13+00:00\" \/>\n<meta property=\"og:image\" content=\"https:\/\/www.lan-bambus.si\/wp-content\/uploads\/2025\/04\/il_794xN.2733239081_pvv8.webp\" \/>\n\t<meta property=\"og:image:width\" content=\"794\" \/>\n\t<meta property=\"og:image:height\" content=\"794\" \/>\n\t<meta property=\"og:image:type\" content=\"image\/webp\" \/>\n<meta name=\"twitter:card\" content=\"summary_large_image\" \/>\n<meta name=\"twitter:label1\" content=\"Est. reading time\" \/>\n\t<meta name=\"twitter:data1\" content=\"3 minute\" \/>\n<script type=\"application\/ld+json\" class=\"yoast-schema-graph\">{\"@context\":\"https:\/\/schema.org\",\"@graph\":[{\"@type\":\"WebPage\",\"@id\":\"https:\/\/www.lan-bambus.si\/index.php\/product\/lanena-obleka-zenska-mini-obleka-obleka-s-kratkimi-rokavi\/\",\"url\":\"https:\/\/www.lan-bambus.si\/index.php\/product\/lanena-obleka-zenska-mini-obleka-obleka-s-kratkimi-rokavi\/\",\"name\":\"LANENA OBLEKA, \u017dENSKA MINI OBLEKA, OBLEKA S KRATKIMI ROKAVI, VE\u010c BARV - Lan-Bambus\",\"isPartOf\":{\"@id\":\"https:\/\/www.lan-bambus.si\/#website\"},\"primaryImageOfPage\":{\"@id\":\"https:\/\/www.lan-bambus.si\/index.php\/product\/lanena-obleka-zenska-mini-obleka-obleka-s-kratkimi-rokavi\/#primaryimage\"},\"image\":{\"@id\":\"https:\/\/www.lan-bambus.si\/index.php\/product\/lanena-obleka-zenska-mini-obleka-obleka-s-kratkimi-rokavi\/#primaryimage\"},\"thumbnailUrl\":\"https:\/\/www.lan-bambus.si\/wp-content\/uploads\/2025\/04\/il_794xN.2733239081_pvv8.webp\",\"datePublished\":\"2025-05-02T17:36:04+00:00\",\"dateModified\":\"2025-05-03T15:08:13+00:00\",\"breadcrumb\":{\"@id\":\"https:\/\/www.lan-bambus.si\/index.php\/product\/lanena-obleka-zenska-mini-obleka-obleka-s-kratkimi-rokavi\/#breadcrumb\"},\"inLanguage\":\"sl-SI\",\"potentialAction\":[{\"@type\":\"ReadAction\",\"target\":[\"https:\/\/www.lan-bambus.si\/index.php\/product\/lanena-obleka-zenska-mini-obleka-obleka-s-kratkimi-rokavi\/\"]}]},{\"@type\":\"ImageObject\",\"inLanguage\":\"sl-SI\",\"@id\":\"https:\/\/www.lan-bambus.si\/index.php\/product\/lanena-obleka-zenska-mini-obleka-obleka-s-kratkimi-rokavi\/#primaryimage\",\"url\":\"https:\/\/www.lan-bambus.si\/wp-content\/uploads\/2025\/04\/il_794xN.2733239081_pvv8.webp\",\"contentUrl\":\"https:\/\/www.lan-bambus.si\/wp-content\/uploads\/2025\/04\/il_794xN.2733239081_pvv8.webp\",\"width\":794,\"height\":794},{\"@type\":\"BreadcrumbList\",\"@id\":\"https:\/\/www.lan-bambus.si\/index.php\/product\/lanena-obleka-zenska-mini-obleka-obleka-s-kratkimi-rokavi\/#breadcrumb\",\"itemListElement\":[{\"@type\":\"ListItem\",\"position\":1,\"name\":\"Home\",\"item\":\"https:\/\/www.lan-bambus.si\/\"},{\"@type\":\"ListItem\",\"position\":2,\"name\":\"Shop\",\"item\":\"https:\/\/www.lan-bambus.si\/index.php\/shop\/\"},{\"@type\":\"ListItem\",\"position\":3,\"name\":\"LANENA OBLEKA, \u017dENSKA MINI OBLEKA, OBLEKA S KRATKIMI ROKAVI, VE\u010c BARV\"}]},{\"@type\":\"WebSite\",\"@id\":\"https:\/\/www.lan-bambus.si\/#website\",\"url\":\"https:\/\/www.lan-bambus.si\/\",\"name\":\"lan-bambus.si\",\"description\":\"Lan-Bambus\",\"publisher\":{\"@id\":\"https:\/\/www.lan-bambus.si\/#organization\"},\"potentialAction\":[{\"@type\":\"SearchAction\",\"target\":{\"@type\":\"EntryPoint\",\"urlTemplate\":\"https:\/\/www.lan-bambus.si\/?s={search_term_string}\"},\"query-input\":{\"@type\":\"PropertyValueSpecification\",\"valueRequired\":true,\"valueName\":\"search_term_string\"}}],\"inLanguage\":\"sl-SI\"},{\"@type\":\"Organization\",\"@id\":\"https:\/\/www.lan-bambus.si\/#organization\",\"name\":\"Silva Voelkner s.p.\",\"url\":\"https:\/\/www.lan-bambus.si\/\",\"logo\":{\"@type\":\"ImageObject\",\"inLanguage\":\"sl-SI\",\"@id\":\"https:\/\/www.lan-bambus.si\/#\/schema\/logo\/image\/\",\"url\":\"https:\/\/www.lan-bambus.si\/wp-content\/uploads\/2023\/02\/LOGO-LAN-BAMBUS.SI-350.fw_.png\",\"contentUrl\":\"https:\/\/www.lan-bambus.si\/wp-content\/uploads\/2023\/02\/LOGO-LAN-BAMBUS.SI-350.fw_.png\",\"width\":350,\"height\":132,\"caption\":\"Silva Voelkner s.p.\"},\"image\":{\"@id\":\"https:\/\/www.lan-bambus.si\/#\/schema\/logo\/image\/\"},\"sameAs\":[\"https:\/\/www.facebook.com\/\",\"https:\/\/www.instagram.com\/\"]}]}<\/script>\n<!-- \/ Yoast SEO plugin. -->","yoast_head_json":{"title":"LANENA OBLEKA, \u017dENSKA MINI OBLEKA, OBLEKA S KRATKIMI ROKAVI, VE\u010c BARV - Lan-Bambus","robots":{"index":"index","follow":"follow","max-snippet":"max-snippet:-1","max-image-preview":"max-image-preview:large","max-video-preview":"max-video-preview:-1"},"canonical":"https:\/\/www.lan-bambus.si\/index.php\/product\/lanena-obleka-zenska-mini-obleka-obleka-s-kratkimi-rokavi\/","og_locale":"sl_SI","og_type":"article","og_title":"LANENA OBLEKA, \u017dENSKA MINI OBLEKA, OBLEKA S KRATKIMI ROKAVI, VE\u010c BARV - Lan-Bambus","og_description":"Sestav: 100% LAN Navodila za vzdr\u017eevanje: \u2013 pranje pri 40 C \u2013 su\u0161enje v su\u0161ilnem stroju na nizki temperaturi \u2013 ne belite \u2013 likate na nizki temperaturi \u2013 ne \u010distite kemi\u010dno. Ko izberete barvo in velikost, oddate naro\u010dilo, vam izdelek se\u0161ijemo. \u010cas izdelave je 1-2 tedna. Bela lanena obleka za \u017eenske, mini obleka, naravna obla\u010dila, [&hellip;]","og_url":"https:\/\/www.lan-bambus.si\/index.php\/product\/lanena-obleka-zenska-mini-obleka-obleka-s-kratkimi-rokavi\/","og_site_name":"Lan-Bambus","article_publisher":"https:\/\/www.facebook.com\/","article_modified_time":"2025-05-03T15:08:13+00:00","og_image":[{"width":794,"height":794,"url":"https:\/\/www.lan-bambus.si\/wp-content\/uploads\/2025\/04\/il_794xN.2733239081_pvv8.webp","type":"image\/webp"}],"twitter_card":"summary_large_image","twitter_misc":{"Est. reading time":"3 minute"},"schema":{"@context":"https:\/\/schema.org","@graph":[{"@type":"WebPage","@id":"https:\/\/www.lan-bambus.si\/index.php\/product\/lanena-obleka-zenska-mini-obleka-obleka-s-kratkimi-rokavi\/","url":"https:\/\/www.lan-bambus.si\/index.php\/product\/lanena-obleka-zenska-mini-obleka-obleka-s-kratkimi-rokavi\/","name":"LANENA OBLEKA, \u017dENSKA MINI OBLEKA, OBLEKA S KRATKIMI ROKAVI, VE\u010c BARV - Lan-Bambus","isPartOf":{"@id":"https:\/\/www.lan-bambus.si\/#website"},"primaryImageOfPage":{"@id":"https:\/\/www.lan-bambus.si\/index.php\/product\/lanena-obleka-zenska-mini-obleka-obleka-s-kratkimi-rokavi\/#primaryimage"},"image":{"@id":"https:\/\/www.lan-bambus.si\/index.php\/product\/lanena-obleka-zenska-mini-obleka-obleka-s-kratkimi-rokavi\/#primaryimage"},"thumbnailUrl":"https:\/\/www.lan-bambus.si\/wp-content\/uploads\/2025\/04\/il_794xN.2733239081_pvv8.webp","datePublished":"2025-05-02T17:36:04+00:00","dateModified":"2025-05-03T15:08:13+00:00","breadcrumb":{"@id":"https:\/\/www.lan-bambus.si\/index.php\/product\/lanena-obleka-zenska-mini-obleka-obleka-s-kratkimi-rokavi\/#breadcrumb"},"inLanguage":"sl-SI","potentialAction":[{"@type":"ReadAction","target":["https:\/\/www.lan-bambus.si\/index.php\/product\/lanena-obleka-zenska-mini-obleka-obleka-s-kratkimi-rokavi\/"]}]},{"@type":"ImageObject","inLanguage":"sl-SI","@id":"https:\/\/www.lan-bambus.si\/index.php\/product\/lanena-obleka-zenska-mini-obleka-obleka-s-kratkimi-rokavi\/#primaryimage","url":"https:\/\/www.lan-bambus.si\/wp-content\/uploads\/2025\/04\/il_794xN.2733239081_pvv8.webp","contentUrl":"https:\/\/www.lan-bambus.si\/wp-content\/uploads\/2025\/04\/il_794xN.2733239081_pvv8.webp","width":794,"height":794},{"@type":"BreadcrumbList","@id":"https:\/\/www.lan-bambus.si\/index.php\/product\/lanena-obleka-zenska-mini-obleka-obleka-s-kratkimi-rokavi\/#breadcrumb","itemListElement":[{"@type":"ListItem","position":1,"name":"Home","item":"https:\/\/www.lan-bambus.si\/"},{"@type":"ListItem","position":2,"name":"Shop","item":"https:\/\/www.lan-bambus.si\/index.php\/shop\/"},{"@type":"ListItem","position":3,"name":"LANENA OBLEKA, \u017dENSKA MINI OBLEKA, OBLEKA S KRATKIMI ROKAVI, VE\u010c BARV"}]},{"@type":"WebSite","@id":"https:\/\/www.lan-bambus.si\/#website","url":"https:\/\/www.lan-bambus.si\/","name":"lan-bambus.si","description":"Lan-Bambus","publisher":{"@id":"https:\/\/www.lan-bambus.si\/#organization"},"potentialAction":[{"@type":"SearchAction","target":{"@type":"EntryPoint","urlTemplate":"https:\/\/www.lan-bambus.si\/?s={search_term_string}"},"query-input":{"@type":"PropertyValueSpecification","valueRequired":true,"valueName":"search_term_string"}}],"inLanguage":"sl-SI"},{"@type":"Organization","@id":"https:\/\/www.lan-bambus.si\/#organization","name":"Silva Voelkner s.p.","url":"https:\/\/www.lan-bambus.si\/","logo":{"@type":"ImageObject","inLanguage":"sl-SI","@id":"https:\/\/www.lan-bambus.si\/#\/schema\/logo\/image\/","url":"https:\/\/www.lan-bambus.si\/wp-content\/uploads\/2023\/02\/LOGO-LAN-BAMBUS.SI-350.fw_.png","contentUrl":"https:\/\/www.lan-bambus.si\/wp-content\/uploads\/2023\/02\/LOGO-LAN-BAMBUS.SI-350.fw_.png","width":350,"height":132,"caption":"Silva Voelkner s.p."},"image":{"@id":"https:\/\/www.lan-bambus.si\/#\/schema\/logo\/image\/"},"sameAs":["https:\/\/www.facebook.com\/","https:\/\/www.instagram.com\/"]}]}},"_links":{"self":[{"href":"https:\/\/www.lan-bambus.si\/index.php\/wp-json\/wp\/v2\/product\/8110","targetHints":{"allow":["GET"]}}],"collection":[{"href":"https:\/\/www.lan-bambus.si\/index.php\/wp-json\/wp\/v2\/product"}],"about":[{"href":"https:\/\/www.lan-bambus.si\/index.php\/wp-json\/wp\/v2\/types\/product"}],"wp:featuredmedia":[{"embeddable":true,"href":"https:\/\/www.lan-bambus.si\/index.php\/wp-json\/wp\/v2\/media\/8055"}],"wp:attachment":[{"href":"https:\/\/www.lan-bambus.si\/index.php\/wp-json\/wp\/v2\/media?parent=8110"}],"wp:term":[{"taxonomy":"product_brand","embeddable":true,"href":"https:\/\/www.lan-bambus.si\/index.php\/wp-json\/wp\/v2\/product_brand?post=8110"},{"taxonomy":"product_cat","embeddable":true,"href":"https:\/\/www.lan-bambus.si\/index.php\/wp-json\/wp\/v2\/product_cat?post=8110"},{"taxonomy":"product_tag","embeddable":true,"href":"https:\/\/www.lan-bambus.si\/index.php\/wp-json\/wp\/v2\/product_tag?post=8110"}],"curies":[{"name":"wp","href":"https:\/\/api.w.org\/{rel}","templated":true}]}}