{"id":9242,"date":"2025-11-12T19:29:13","date_gmt":"2025-11-12T18:29:13","guid":{"rendered":"https:\/\/www.lan-bambus.si\/?post_type=product&#038;p=9242"},"modified":"2026-03-01T00:26:14","modified_gmt":"2026-02-28T23:26:14","slug":"zenska-pizama-2","status":"publish","type":"product","link":"https:\/\/www.lan-bambus.si\/index.php\/product\/zenska-pizama-2\/","title":{"rendered":"\u017dENSKA PI\u017dAMA, 100% bomba\u017e"},"content":{"rendered":"<p>Sestav: 100% bomba\u017e<br \/>\nVzdr\u017eevanje: Ta izdelek je priporo\u010dljivo prati pri 40\u00b0C in likati na 1. stopnji temperature. Izdelek ne sme biti beljen, kemi\u010dno o\u010di\u0161\u010den in su\u0161en v su\u0161ilnem stroju.<\/p>\n<p>\u017denska pi\u017eama iz 100 % bomba\u017ea<br \/>\n\u017denska pi\u017eama ohlapnega kroja iz fine pletenine vam bo nudila udobje med spanjem in celo za spro\u0161\u010danje doma.<\/p>\n","protected":false},"excerpt":{"rendered":"<p>Sestav: 100% bomba\u017e Vzdr\u017eevanje: Ta izdelek je priporo\u010dljivo prati pri 40\u00b0C in likati na 1. stopnji temperature. Izdelek ne sme biti beljen, kemi\u010dno o\u010di\u0161\u010den in su\u0161en v su\u0161ilnem stroju. \u017denska pi\u017eama iz 100 % bomba\u017ea \u017denska pi\u017eama ohlapnega kroja iz fine pletenine vam bo nudila udobje med spanjem in celo za spro\u0161\u010danje doma.<\/p>\n","protected":false},"featured_media":9245,"template":"","meta":{"_acf_changed":false,"_themeisle_gutenberg_block_has_review":false},"product_brand":[],"product_cat":[855,857,729],"product_tag":[],"class_list":{"0":"post-9242","1":"product","2":"type-product","3":"status-publish","4":"has-post-thumbnail","6":"product_cat-spalni-program-2","7":"product_cat-zenske-pizame-in-spalne-srajce-spalni-program-2","8":"product_cat-spodnje-perilo","9":"pa_color-barva-marelice","10":"pa_color-roza-z-belo","12":"first","13":"instock","14":"shipping-taxable","15":"purchasable","16":"product-type-variable"},"acf":[],"yoast_head":"<!-- This site is optimized with the Yoast SEO plugin v25.8 - https:\/\/yoast.com\/wordpress\/plugins\/seo\/ -->\n<title>\u017dENSKA PI\u017dAMA, 100% bomba\u017e - Lan-Bambus<\/title>\n<meta name=\"robots\" content=\"index, follow, max-snippet:-1, max-image-preview:large, max-video-preview:-1\" \/>\n<link rel=\"canonical\" href=\"https:\/\/www.lan-bambus.si\/index.php\/product\/zenska-pizama-2\/\" \/>\n<meta property=\"og:locale\" content=\"sl_SI\" \/>\n<meta property=\"og:type\" content=\"article\" \/>\n<meta property=\"og:title\" content=\"\u017dENSKA PI\u017dAMA, 100% bomba\u017e - Lan-Bambus\" \/>\n<meta property=\"og:description\" content=\"Sestav: 100% bomba\u017e Vzdr\u017eevanje: Ta izdelek je priporo\u010dljivo prati pri 40\u00b0C in likati na 1. stopnji temperature. Izdelek ne sme biti beljen, kemi\u010dno o\u010di\u0161\u010den in su\u0161en v su\u0161ilnem stroju. \u017denska pi\u017eama iz 100 % bomba\u017ea \u017denska pi\u017eama ohlapnega kroja iz fine pletenine vam bo nudila udobje med spanjem in celo za spro\u0161\u010danje doma.\" \/>\n<meta property=\"og:url\" content=\"https:\/\/www.lan-bambus.si\/index.php\/product\/zenska-pizama-2\/\" \/>\n<meta property=\"og:site_name\" content=\"Lan-Bambus\" \/>\n<meta property=\"article:publisher\" content=\"https:\/\/www.facebook.com\/\" \/>\n<meta property=\"article:modified_time\" content=\"2026-02-28T23:26:14+00:00\" \/>\n<meta property=\"og:image\" content=\"https:\/\/www.lan-bambus.si\/wp-content\/uploads\/2025\/11\/19167_MxBLGH-Kopija.jpg\" \/>\n\t<meta property=\"og:image:width\" content=\"280\" \/>\n\t<meta property=\"og:image:height\" content=\"358\" \/>\n\t<meta property=\"og:image:type\" content=\"image\/jpeg\" \/>\n<meta name=\"twitter:card\" content=\"summary_large_image\" \/>\n<meta name=\"twitter:label1\" content=\"Est. reading time\" \/>\n\t<meta name=\"twitter:data1\" content=\"1 minuta\" \/>\n<script type=\"application\/ld+json\" class=\"yoast-schema-graph\">{\"@context\":\"https:\/\/schema.org\",\"@graph\":[{\"@type\":\"WebPage\",\"@id\":\"https:\/\/www.lan-bambus.si\/index.php\/product\/zenska-pizama-2\/\",\"url\":\"https:\/\/www.lan-bambus.si\/index.php\/product\/zenska-pizama-2\/\",\"name\":\"\u017dENSKA PI\u017dAMA, 100% bomba\u017e - Lan-Bambus\",\"isPartOf\":{\"@id\":\"https:\/\/www.lan-bambus.si\/#website\"},\"primaryImageOfPage\":{\"@id\":\"https:\/\/www.lan-bambus.si\/index.php\/product\/zenska-pizama-2\/#primaryimage\"},\"image\":{\"@id\":\"https:\/\/www.lan-bambus.si\/index.php\/product\/zenska-pizama-2\/#primaryimage\"},\"thumbnailUrl\":\"https:\/\/www.lan-bambus.si\/wp-content\/uploads\/2025\/11\/19167_MxBLGH-Kopija.jpg\",\"datePublished\":\"2025-11-12T18:29:13+00:00\",\"dateModified\":\"2026-02-28T23:26:14+00:00\",\"breadcrumb\":{\"@id\":\"https:\/\/www.lan-bambus.si\/index.php\/product\/zenska-pizama-2\/#breadcrumb\"},\"inLanguage\":\"sl-SI\",\"potentialAction\":[{\"@type\":\"ReadAction\",\"target\":[\"https:\/\/www.lan-bambus.si\/index.php\/product\/zenska-pizama-2\/\"]}]},{\"@type\":\"ImageObject\",\"inLanguage\":\"sl-SI\",\"@id\":\"https:\/\/www.lan-bambus.si\/index.php\/product\/zenska-pizama-2\/#primaryimage\",\"url\":\"https:\/\/www.lan-bambus.si\/wp-content\/uploads\/2025\/11\/19167_MxBLGH-Kopija.jpg\",\"contentUrl\":\"https:\/\/www.lan-bambus.si\/wp-content\/uploads\/2025\/11\/19167_MxBLGH-Kopija.jpg\",\"width\":280,\"height\":358},{\"@type\":\"BreadcrumbList\",\"@id\":\"https:\/\/www.lan-bambus.si\/index.php\/product\/zenska-pizama-2\/#breadcrumb\",\"itemListElement\":[{\"@type\":\"ListItem\",\"position\":1,\"name\":\"Home\",\"item\":\"https:\/\/www.lan-bambus.si\/\"},{\"@type\":\"ListItem\",\"position\":2,\"name\":\"Shop\",\"item\":\"https:\/\/www.lan-bambus.si\/index.php\/shop\/\"},{\"@type\":\"ListItem\",\"position\":3,\"name\":\"\u017dENSKA PI\u017dAMA, 100% bomba\u017e\"}]},{\"@type\":\"WebSite\",\"@id\":\"https:\/\/www.lan-bambus.si\/#website\",\"url\":\"https:\/\/www.lan-bambus.si\/\",\"name\":\"lan-bambus.si\",\"description\":\"Lan-Bambus\",\"publisher\":{\"@id\":\"https:\/\/www.lan-bambus.si\/#organization\"},\"potentialAction\":[{\"@type\":\"SearchAction\",\"target\":{\"@type\":\"EntryPoint\",\"urlTemplate\":\"https:\/\/www.lan-bambus.si\/?s={search_term_string}\"},\"query-input\":{\"@type\":\"PropertyValueSpecification\",\"valueRequired\":true,\"valueName\":\"search_term_string\"}}],\"inLanguage\":\"sl-SI\"},{\"@type\":\"Organization\",\"@id\":\"https:\/\/www.lan-bambus.si\/#organization\",\"name\":\"Silva Voelkner s.p.\",\"url\":\"https:\/\/www.lan-bambus.si\/\",\"logo\":{\"@type\":\"ImageObject\",\"inLanguage\":\"sl-SI\",\"@id\":\"https:\/\/www.lan-bambus.si\/#\/schema\/logo\/image\/\",\"url\":\"https:\/\/www.lan-bambus.si\/wp-content\/uploads\/2023\/02\/LOGO-LAN-BAMBUS.SI-350.fw_.png\",\"contentUrl\":\"https:\/\/www.lan-bambus.si\/wp-content\/uploads\/2023\/02\/LOGO-LAN-BAMBUS.SI-350.fw_.png\",\"width\":350,\"height\":132,\"caption\":\"Silva Voelkner s.p.\"},\"image\":{\"@id\":\"https:\/\/www.lan-bambus.si\/#\/schema\/logo\/image\/\"},\"sameAs\":[\"https:\/\/www.facebook.com\/\",\"https:\/\/www.instagram.com\/\"]}]}<\/script>\n<!-- \/ Yoast SEO plugin. -->","yoast_head_json":{"title":"\u017dENSKA PI\u017dAMA, 100% bomba\u017e - Lan-Bambus","robots":{"index":"index","follow":"follow","max-snippet":"max-snippet:-1","max-image-preview":"max-image-preview:large","max-video-preview":"max-video-preview:-1"},"canonical":"https:\/\/www.lan-bambus.si\/index.php\/product\/zenska-pizama-2\/","og_locale":"sl_SI","og_type":"article","og_title":"\u017dENSKA PI\u017dAMA, 100% bomba\u017e - Lan-Bambus","og_description":"Sestav: 100% bomba\u017e Vzdr\u017eevanje: Ta izdelek je priporo\u010dljivo prati pri 40\u00b0C in likati na 1. stopnji temperature. Izdelek ne sme biti beljen, kemi\u010dno o\u010di\u0161\u010den in su\u0161en v su\u0161ilnem stroju. \u017denska pi\u017eama iz 100 % bomba\u017ea \u017denska pi\u017eama ohlapnega kroja iz fine pletenine vam bo nudila udobje med spanjem in celo za spro\u0161\u010danje doma.","og_url":"https:\/\/www.lan-bambus.si\/index.php\/product\/zenska-pizama-2\/","og_site_name":"Lan-Bambus","article_publisher":"https:\/\/www.facebook.com\/","article_modified_time":"2026-02-28T23:26:14+00:00","og_image":[{"width":280,"height":358,"url":"https:\/\/www.lan-bambus.si\/wp-content\/uploads\/2025\/11\/19167_MxBLGH-Kopija.jpg","type":"image\/jpeg"}],"twitter_card":"summary_large_image","twitter_misc":{"Est. reading time":"1 minuta"},"schema":{"@context":"https:\/\/schema.org","@graph":[{"@type":"WebPage","@id":"https:\/\/www.lan-bambus.si\/index.php\/product\/zenska-pizama-2\/","url":"https:\/\/www.lan-bambus.si\/index.php\/product\/zenska-pizama-2\/","name":"\u017dENSKA PI\u017dAMA, 100% bomba\u017e - Lan-Bambus","isPartOf":{"@id":"https:\/\/www.lan-bambus.si\/#website"},"primaryImageOfPage":{"@id":"https:\/\/www.lan-bambus.si\/index.php\/product\/zenska-pizama-2\/#primaryimage"},"image":{"@id":"https:\/\/www.lan-bambus.si\/index.php\/product\/zenska-pizama-2\/#primaryimage"},"thumbnailUrl":"https:\/\/www.lan-bambus.si\/wp-content\/uploads\/2025\/11\/19167_MxBLGH-Kopija.jpg","datePublished":"2025-11-12T18:29:13+00:00","dateModified":"2026-02-28T23:26:14+00:00","breadcrumb":{"@id":"https:\/\/www.lan-bambus.si\/index.php\/product\/zenska-pizama-2\/#breadcrumb"},"inLanguage":"sl-SI","potentialAction":[{"@type":"ReadAction","target":["https:\/\/www.lan-bambus.si\/index.php\/product\/zenska-pizama-2\/"]}]},{"@type":"ImageObject","inLanguage":"sl-SI","@id":"https:\/\/www.lan-bambus.si\/index.php\/product\/zenska-pizama-2\/#primaryimage","url":"https:\/\/www.lan-bambus.si\/wp-content\/uploads\/2025\/11\/19167_MxBLGH-Kopija.jpg","contentUrl":"https:\/\/www.lan-bambus.si\/wp-content\/uploads\/2025\/11\/19167_MxBLGH-Kopija.jpg","width":280,"height":358},{"@type":"BreadcrumbList","@id":"https:\/\/www.lan-bambus.si\/index.php\/product\/zenska-pizama-2\/#breadcrumb","itemListElement":[{"@type":"ListItem","position":1,"name":"Home","item":"https:\/\/www.lan-bambus.si\/"},{"@type":"ListItem","position":2,"name":"Shop","item":"https:\/\/www.lan-bambus.si\/index.php\/shop\/"},{"@type":"ListItem","position":3,"name":"\u017dENSKA PI\u017dAMA, 100% bomba\u017e"}]},{"@type":"WebSite","@id":"https:\/\/www.lan-bambus.si\/#website","url":"https:\/\/www.lan-bambus.si\/","name":"lan-bambus.si","description":"Lan-Bambus","publisher":{"@id":"https:\/\/www.lan-bambus.si\/#organization"},"potentialAction":[{"@type":"SearchAction","target":{"@type":"EntryPoint","urlTemplate":"https:\/\/www.lan-bambus.si\/?s={search_term_string}"},"query-input":{"@type":"PropertyValueSpecification","valueRequired":true,"valueName":"search_term_string"}}],"inLanguage":"sl-SI"},{"@type":"Organization","@id":"https:\/\/www.lan-bambus.si\/#organization","name":"Silva Voelkner s.p.","url":"https:\/\/www.lan-bambus.si\/","logo":{"@type":"ImageObject","inLanguage":"sl-SI","@id":"https:\/\/www.lan-bambus.si\/#\/schema\/logo\/image\/","url":"https:\/\/www.lan-bambus.si\/wp-content\/uploads\/2023\/02\/LOGO-LAN-BAMBUS.SI-350.fw_.png","contentUrl":"https:\/\/www.lan-bambus.si\/wp-content\/uploads\/2023\/02\/LOGO-LAN-BAMBUS.SI-350.fw_.png","width":350,"height":132,"caption":"Silva Voelkner s.p."},"image":{"@id":"https:\/\/www.lan-bambus.si\/#\/schema\/logo\/image\/"},"sameAs":["https:\/\/www.facebook.com\/","https:\/\/www.instagram.com\/"]}]}},"_links":{"self":[{"href":"https:\/\/www.lan-bambus.si\/index.php\/wp-json\/wp\/v2\/product\/9242","targetHints":{"allow":["GET"]}}],"collection":[{"href":"https:\/\/www.lan-bambus.si\/index.php\/wp-json\/wp\/v2\/product"}],"about":[{"href":"https:\/\/www.lan-bambus.si\/index.php\/wp-json\/wp\/v2\/types\/product"}],"wp:featuredmedia":[{"embeddable":true,"href":"https:\/\/www.lan-bambus.si\/index.php\/wp-json\/wp\/v2\/media\/9245"}],"wp:attachment":[{"href":"https:\/\/www.lan-bambus.si\/index.php\/wp-json\/wp\/v2\/media?parent=9242"}],"wp:term":[{"taxonomy":"product_brand","embeddable":true,"href":"https:\/\/www.lan-bambus.si\/index.php\/wp-json\/wp\/v2\/product_brand?post=9242"},{"taxonomy":"product_cat","embeddable":true,"href":"https:\/\/www.lan-bambus.si\/index.php\/wp-json\/wp\/v2\/product_cat?post=9242"},{"taxonomy":"product_tag","embeddable":true,"href":"https:\/\/www.lan-bambus.si\/index.php\/wp-json\/wp\/v2\/product_tag?post=9242"}],"curies":[{"name":"wp","href":"https:\/\/api.w.org\/{rel}","templated":true}]}}